se 6*q = q - o*j - 5, 24 = 4*q - 3*j. What are the prime factors of q?
3
Let s(w) = w**2 - w + 3. Let d be s(0). List the prime factors of (d + -25)*(-1 - 0).
2, 11
Let v be (-12)/(-2) - (0 + -1). Suppose -2*k = -12 - 26. Suppose -v = z - k. What are the prime factors of z?
2, 3
Let s be (5/(-3))/(2/(-6)). Let f be 0/s*1/(-1). Suppose f = -5*h - 5*v + 15, -3*h - 3*v = -5*h + 21. List the prime factors of h.
2, 3
Suppose 8 = 3*f - 10. Let k = f + 5. Let c = k - -2. What are the prime factors of c?
13
Let w be 64/(-3) - (-11)/33. Let a = w - -36. What are the prime factors of a?
3, 5
Let a(x) = -x**3 + x**2 + x + 9. Let b(i) = i**3 - 6*i**2 - i + 6. Let d be b(6). What are the prime factors of a(d)?
3
Let f be (-2)/(-7) + 19/7. Suppose 4*o + o - 8 = f*t, -5*o = -5*t. Suppose 5*q - 7 + 1 = w, 0 = -2*q + t*w - 12. List the prime factors of q.
2
Suppose -3*g = -2*g + 7. Suppose -4*s + 68 = 3*i, 5*s - 2*i = i + 85. Let z = s + g. List the prime factors of z.
2, 5
Suppose 42 = 3*w - 2*w. List the prime factors of w.
2, 3, 7
Let r(b) = b**2 + b + 21. List the prime factors of r(0).
3, 7
Suppose -3*h + 1 = 2*q - 4, 0 = -3*h - 9. Let i(j) = 12*j**2 - 5*j**2 + 2 - 2*j**3 + 0*j**3 + j**3. List the prime factors of i(q).
2
Suppose -2*x = -3*x + 16. Suppose 5*j = 64 + x. Let z = -8 + j. What are the prime factors of z?
2
Suppose -l - 4*l + 20 = 0, -5*h + 2*l = -482. List the prime factors of h.
2, 7
Suppose 0 = -3*u + 4*a + 44, 0 = 4*u + 4*a - 50 + 10. List the prime factors of u.
2, 3
Let x(f) = -f**3 - f**2 + 24. Suppose 0 = -0*y - 4*y. Let v be x(y). Suppose 5*b - b - v = 0. List the prime factors of b.
2, 3
Let f be ((-3 - -2) + -2)/(-1). List the prime factors of (f - 2)*0 - -26.
2, 13
Suppose 15 = 6*f - 27. List the prime factors of f.
7
Let o be (1 + -2)*(-1 + -11). Let f be (0 + 0)*(-2)/(-4). Suppose -3*u + f*u + 3*q = -6, o = 3*q. List the prime factors of u.
2, 3
Let q be (-2068)/(-14) + 2/7. Suppose 0*l - 4*l = -q. Let u = l + -25. List the prime factors of u.
2, 3
Suppose 2*p = 2*s + 90, -85 = p - 3*p - 3*s. List the prime factors of p.
2, 11
Let j = -2 + 31. List the prime factors of j.
29
Let q = 11 - -20. What are the prime factors of q?
31
Suppose -3*q + 4*n = -25, q + n = -5 + 4. Suppose 2*f + 92 = 4*d, 79 = q*d + 4*f - 1. List the prime factors of d.
2, 3
Let f be (1 + 0)*0*1. Suppose 3*w - a - 6 = f, 2*a - 3 - 3 = 0. Let c(v) = 2*v**2 - 3*v - 4. List the prime factors of c(w).
5
Let q(t) be the third derivative of t**5/60 - t**4/24 + t**3/3 + 5*t**2. Let r(o) = 4*o**3 - o. Let b be r(1). What are the prime factors of q(b)?
2
Let l = 10 - 8. What are the prime factors of 8 - 0 - (l - 3)?
3
Let q(z) = -11*z**3 - z**2 + z. List the prime factors of q(-2).
2, 41
Let t(z) = -2*z - 3. Let i be t(3). Let h(j) = j**3 + 8*j**2 - 11*j - 1. List the prime factors of h(i).
17
Suppose 5*x + 25 = 0, -2*x = 3*u - 0*u + 4. Suppose -4*s + 3*z + 51 = -s, -u*s - 4*z = -4. List the prime factors of s.
2, 3
Suppose 3*k = -3*b + 114, 3*k = 4*k + 5*b - 30. List the prime factors of k.
2, 5
Suppose -5*t + 8*t - 4*q = -14, -2*t - 5*q + 29 = 0. What are the prime factors of t?
2
What are the prime factors of (120/35)/((-3)/(-21))?
2, 3
Let p(l) = 11*l**2 + l + 7 - 6 + 22*l**2. List the prime factors of p(-1).
3, 11
Let c(d) be the third derivative of -d**5/60 + 7*d**3/6 - d**2. List the prime factors of c(0).
7
Let h be 916/20 + 2/10. Let i = -27 + h. What are the prime factors of i?
19
Let f = -3 + 3. Suppose 3 = a - f. Suppose 0 = 8*g - a*g - 35. What are the prime factors of g?
7
Let k(p) = -2*p**2. Let d be k(1). Let x = d - -4. Suppose -2*f - 4*j + 24 + 18 = 0, -2*f - x*j = -32. What are the prime factors of f?
11
Let m = 14 + -20. List the prime factors of m/(-27) + 392/18.
2, 11
Let t = 47 - 22. List the prime factors of t.
5
Suppose -5*n = 5*i + 5, 5*n = -3*i - 0*n - 1. Let z(t) = 8*t**2 - 2*t + 1. What are the prime factors of z(i)?
37
Suppose b - 5 = -1. Let w(g) = 0*g**2 - 2*g**2 - g + 3*g**2 - 5. List the prime factors of w(b).
7
Let j = 112 + -83. List the prime factors of j.
29
Let r = -39 + 57. What are the prime factors of r?
2, 3
Let u = -5 - 4. Let m(b) = 3 - b**2 + 6 + 2*b**2 + 9*b. What are the prime factors of m(u)?
3
Suppose y = -3*t + 43, t + 13 = 3*y - 86. List the prime factors of y.
2, 17
Let b be (-27)/(-6)*(-4)/(-6). Suppose b*j - 9 = 3. Suppose 2*t + 5*h = 19, -j*t - 2*h + 9 = -5. List the prime factors of t.
2
Let u(y) = -y**2 - 11*y + 3. What are the prime factors of u(-8)?
3
Let w(q) = -4 + 5 - 6*q - 2. What are the prime factors of w(-2)?
11
Let z be (-88)/(-6) - 3/(-9). Let x = 10 - z. List the prime factors of -3 + (-5)/(x/9).
2, 3
Suppose 0 = -18*m + 15*m + 42. Let r = 5 + -3. Suppose r*k + 0*k = m. What are the prime factors of k?
7
Suppose -5*d = -25 + 60. Let a(l) = 13*l + 15. Let i(w) = -9*w - 10. Let m(u) = d*i(u) - 5*a(u). List the prime factors of m(-5).
5
Let q(u) = u**3 + u**2 - u + 6. Let f be (-16)/6*3/2. Let a(w) = w**2 + 5*w + 4. Let x be a(f). What are the prime factors of q(x)?
2, 3
List the prime factors of (-1)/4 + (-2055)/(-60).
2, 17
Suppose -17*p + 2*p + 75 = 0. What are the prime factors of p?
5
Suppose -4*m - 157 = -565. List the prime factors of m.
2, 3, 17
Let z = 209 + -34. List the prime factors of z.
5, 7
Let t(n) = -n**2 + 9*n + 9. Let s be t(9). Suppose s + 61 = 2*y. What are the prime factors of y?
5, 7
Let g(t) = 2*t + 4. Let s be g(-4). Let y(u) = -2*u + 4. What are the prime factors of y(s)?
2, 3
Suppose 2*q - q = 4*a + 19, -5*q + a + 19 = 0. Suppose q*d = 2*w - 11, -4*w - 2*d = -0*w - 46. What are the prime factors of w?
2, 5
Let q = -94 + 176. List the prime factors of q.
2, 41
Let d = 23 - 61. Let w = d - -66. What are the prime factors of w?
2, 7
Let v = -1 - -1. Let n be (v + -1)/(2/(-54)). Suppose n = r + 2*r. What are the prime factors of r?
3
List the prime factors of ((-27)/6 - -1)*-2.
7
Let o be 3*(-2)/2 + 5. Suppose -2*q = -2*h - 8, 0 = 2*q + 2*h + o*h - 14. List the prime factors of q.
5
Let s = -321 + 475. List the prime factors of s.
2, 7, 11
What are the prime factors of 3 + -2 + 41 - (2 + -5)?
3, 5
Let i(a) = 5*a**3 - 8*a**2 + 5*a - 14. What are the prime factors of i(4)?
2, 3, 11
Suppose -5*a = -r + 29, a - 19 = -5*r - 4. Suppose -5*k + 15 = 4*n + n, -3*n + 23 = -r*k. What are the prime factors of n?
5
Suppose -4*i - w = -3*i - 13, -2*i + 5*w - 9 = 0. Let a be i/(-4) + 4/(-2). Let t(d) = -d**3 - 4*d**2 - 2*d + 1. List the prime factors of t(a).
3
Suppose 0 = 6*c - c. Suppose c*f = -2*f - 18. List the prime factors of (-38)/f + (-2)/9.
2
Suppose 0 = -h - 4*a + 25, h + 3*h - 4*a - 120 = 0. What are the prime factors of h?
29
Suppose -q + 460 = -6*q. Let m = q - -144. What are the prime factors of m?
2, 13
Let i(y) = y**2 + y. Let f be i(1). Suppose -4*o = -f*o. Suppose -x - 2*u + 27 = o, 0 = x - 2*u + 2 - 9. List the prime factors of x.
17
Let z(x) = -x**2 - 15*x + 11. Let l be z(-11). Suppose 0 = -v - 4*v + l. List the prime factors of v.
11
Suppose 2*n = 3*h - 140, -326 + 92 = -5*h + 3*n. Suppose -3*m = -h - 21. What are the prime factors of m?
23
Suppose -2*z = h - 21, -3*z + 39 + 0 = 4*h. List the prime factors of z.
3
Let h be (-2)/(-1)*6/4. Suppose 4*d = 5*q - 69, 5*q - 29 - 29 = h*d. Let x = 18 + d. List the prime factors of x.
7
List the prime factors of (-1912)/(-32) - 6/8.
59
Suppose -4*a - a - 4*r = 6, 8 = -2*r. Suppose -23 = -a*m + m. What are the prime factors of m?
23
Suppose -2*z = -3 - 7. Suppose q = z*p - 135, -2*q = -p - 2*p + 81. What are the prime factors of p?
3
List the prime factors of ((-98)/(-3))/(4/(-90)*-3).
5, 7
Suppose -11*d + 131 = 43. Suppose 5*l - 107 + 37 = 0. What are the prime factors of 1/(2 - l/d)?
2
Let s be -3 - (-4 - -1) - -2. Suppose 0 = -2*r - x - s*x + 13, 2*r = -2*x + 12. What are the prime factors of r?
5
Suppose 5*k - 2 = 4*k. Suppose 0*d - 10 = -k*d. What are the prime factors of d?
5
Suppose -13*j + 7*j + 354 = 0. What are the prime factors of j?
59
Let a be (-2 + 33/(-3))*-1. Let t = 20 - a. List the prime factors of t.
7
Suppose 0 = 3*v + v + 4. List the prime factors of (v - 15/(-6))*6.
3
Let j be 3 - -1 - 0/(-3). Suppose j - 1 = y. What are the prime factors of y?
3
Let p(h) = h + 2. Let f be p(-8). Let t be 2/(f/(-9)) - 0. S